{"id":3193,"date":"2017-04-26T19:00:02","date_gmt":"2017-04-26T17:00:02","guid":{"rendered":"http:\/\/localhost\/marul\/?page_id=3193"},"modified":"2019-04-11T09:23:25","modified_gmt":"2019-04-11T07:23:25","slug":"projektna-nastava","status":"publish","type":"page","link":"https:\/\/www.gimnazijamarul.hr\/marul\/nastava-u-blokovima\/projektna-nastava\/","title":{"rendered":"Projektna nastava"},"content":{"rendered":"<p>[vc_row][vc_column][vc_column_text css=&#8221;.vc_custom_1554967400303{margin-top: 2% !important;margin-right: 5% !important;margin-left: 2% !important;}&#8221;]<\/p>\n<p style=\"text-align: justify;\"><span style=\"font-size: 14pt;\">Rad na projektnoj nastavi u\u010denicima\u00a0nudi mogu\u0107nosti samostalnog rada s te\u017ei\u0161tem na primjeni istra\u017eiva\u010dkog instrumentarija radi poticanja\u00a0intenzivnijeg\u00a0razvoja u\u010deni\u010dkih sposobnosti, trajnije\u00a0usvojenosti znanja i vi\u0161e\u00a0razine\u00a0osposobljenosti u\u010denika.\u00a0Uklju\u010divanje razli\u010ditih izvora znanja posebno vezanih uz nove informati\u010dke tehnologije, name\u0107e potrebu savladavanja razli\u010ditih oblika pismenosti, ali i govora.<\/span><\/p>\n<p style=\"text-align: justify;\"><span style=\"font-size: 14pt;\">Projekti se pojavljuju pojedina\u010dno u okviru nastavnih predmeta, vezanih za op\u0107e teme &#8211; \u00a0primjerice, dani hrvatske, engleske, talijanske kulture, a u integracijskom modulu sadr\u017eaji se grupiraju, uop\u0107avaju, nijansiranju i stvaraju novu programsku cjelinu.<\/span><\/p>\n<p style=\"text-align: justify;\"><span style=\"font-size: 14pt;\">Odgojno-obrazovni u\u010dinci projektne nastave:<\/span><\/p>\n<ul>\n<li><span style=\"font-size: 14pt;\">usvajanje novih metoda rada<\/span><\/li>\n<li><span style=\"font-size: 14pt;\">ja\u010danje sposobnosti rje\u0161avanja problema<\/span><\/li>\n<li><span style=\"font-size: 14pt;\">razvijanje kriti\u010dkog odnosa prema vlastitom i tu\u0111em radu<\/span><\/li>\n<li><span style=\"font-size: 14pt;\">poticanje samostalnog pronala\u017eenja informacija<\/span><\/li>\n<li><span style=\"font-size: 14pt;\">razvijanje jezi\u010dnih sposobnosti<\/span><\/li>\n<li><span style=\"font-size: 14pt;\">poticanje stvarala\u0161tva u\u010denika<\/span><\/li>\n<\/ul>\n<p>[\/vc_column_text][\/vc_column][\/vc_row]<\/p>\n","protected":false},"excerpt":{"rendered":"<p>[vc_row][vc_column][vc_column_text css=&#8221;.vc_custom_1554967400303{margin-top: 2% !important;margin-right: 5% !important;margin-left: 2% !important;}&#8221;] Rad na projektnoj nastavi u\u010denicima\u00a0nudi mogu\u0107nosti samostalnog rada s te\u017ei\u0161tem na primjeni istra\u017eiva\u010dkog instrumentarija radi poticanja\u00a0intenzivnijeg\u00a0razvoja u\u010deni\u010dkih sposobnosti, trajnije\u00a0usvojenosti znanja i vi\u0161e\u00a0razine\u00a0osposobljenosti u\u010denika.\u00a0Uklju\u010divanje razli\u010ditih izvora znanja posebno vezanih uz nove informati\u010dke tehnologije, name\u0107e potrebu savladavanja razli\u010ditih oblika pismenosti, ali i govora. Projekti se pojavljuju pojedina\u010dno u okviru &hellip;<br \/><a href=\"https:\/\/www.gimnazijamarul.hr\/marul\/nastava-u-blokovima\/projektna-nastava\/\" class=\"more-link pen_button pen_element_default pen_icon_arrow_double\">Nastavite \u010ditati <span class=\"screen-reader-text\">Projektna nastava<\/span><\/a><\/p>\n","protected":false},"author":6,"featured_media":0,"parent":3186,"menu_order":0,"comment_status":"closed","ping_status":"closed","template":"page-right-sidebar.php","meta":{"_acf_changed":false,"footnotes":""},"class_list":["post-3193","page","type-page","status-publish","hentry"],"acf":[],"_links":{"self":[{"href":"https:\/\/www.gimnazijamarul.hr\/marul\/wp-json\/wp\/v2\/pages\/3193","targetHints":{"allow":["GET"]}}],"collection":[{"href":"https:\/\/www.gimnazijamarul.hr\/marul\/wp-json\/wp\/v2\/pages"}],"about":[{"href":"https:\/\/www.gimnazijamarul.hr\/marul\/wp-json\/wp\/v2\/types\/page"}],"author":[{"embeddable":true,"href":"https:\/\/www.gimnazijamarul.hr\/marul\/wp-json\/wp\/v2\/users\/6"}],"replies":[{"embeddable":true,"href":"https:\/\/www.gimnazijamarul.hr\/marul\/wp-json\/wp\/v2\/comments?post=3193"}],"version-history":[{"count":8,"href":"https:\/\/www.gimnazijamarul.hr\/marul\/wp-json\/wp\/v2\/pages\/3193\/revisions"}],"predecessor-version":[{"id":4560,"href":"https:\/\/www.gimnazijamarul.hr\/marul\/wp-json\/wp\/v2\/pages\/3193\/revisions\/4560"}],"up":[{"embeddable":true,"href":"https:\/\/www.gimnazijamarul.hr\/marul\/wp-json\/wp\/v2\/pages\/3186"}],"wp:attachment":[{"href":"https:\/\/www.gimnazijamarul.hr\/marul\/wp-json\/wp\/v2\/media?parent=3193"}],"curies":[{"name":"wp","href":"https:\/\/api.w.org\/{rel}","templated":true}]}}